{"id":1176,"date":"2014-06-13T10:45:16","date_gmt":"2014-06-13T08:45:16","guid":{"rendered":"http:\/\/www.dr-kurscheid.de\/persoenlich\/?page_id=1176"},"modified":"2024-01-26T12:35:53","modified_gmt":"2024-01-26T11:35:53","slug":"2011-2","status":"publish","type":"page","link":"https:\/\/www.dr-kurscheid.de\/persoenlich\/mediathek\/tv\/nach-jahren\/2011-2","title":{"rendered":"2011"},"content":{"rendered":"<div class=\"columns large-12 medium-12 small-12\">\r\n  <h3>TV Beitr\u00e4ge 2011<\/h3>\r\n<p>Die Beitr\u00e4ge sind in chronologischer Reihenfolge aufgef\u00fchrt. F\u00fcr eine individuelle \u00dcbersicht, nutzen Sie die Sortierfunktion im Tabellenkopf<\/p>\r\n<p><a href=\"\/persoenlich\/mediathek\/tv\/nach-jahren\/2024-2\">2024<\/a> I <a href=\"\/persoenlich\/mediathek\/tv\/nach-jahren\/2023-2\">2023<\/a> I <a href=\"\/persoenlich\/mediathek\/tv\/nach-jahren\/2022-2\">2022<\/a> I <a href=\"\/persoenlich\/mediathek\/tv\/nach-jahren\/2021-2\">2021<\/a> I <a href=\"\/persoenlich\/mediathek\/tv\/nach-jahren\/2020-2\">2020<\/a> I <a href=\"\/persoenlich\/mediathek\/tv\/nach-jahren\/2019-2\">2019<\/a> I <a href=\"\/persoenlich\/mediathek\/tv\/nach-jahren\/2018-2\">2018<\/a> I <a href=\"\/persoenlich\/mediathek\/tv\/nach-jahren\/2017-2\">2017<\/a> I <a href=\"\/persoenlich\/mediathek\/tv\/nach-jahren\/2017-2\">2017<\/a> I <a href=\"\/persoenlich\/mediathek\/tv\/nach-jahren\/2016-2\">2016<\/a> I <a href=\"\/persoenlich\/mediathek\/tv\/nach-jahren\/2015-2\">2015<\/a> I <a href=\"\/persoenlich\/mediathek\/tv\/nach-jahren\/2014-2\">2014<\/a> I <a href=\"\/persoenlich\/mediathek\/tv\/nach-jahren\/2013-2\">2013<\/a> I <a href=\"\/persoenlich\/mediathek\/tv\/nach-jahren\/2012-2\">2012<\/a> I <strong>2011<\/strong> I <a href=\"\/persoenlich\/mediathek\/tv\/nach-jahren\/2010-2\">2010<\/a> I <a href=\"\/persoenlich\/mediathek\/tv\/nach-jahren\/2009-2\">2009<\/a> I <a href=\"\/persoenlich\/mediathek\/tv\/nach-jahren\/2008-2\">2008<\/a> I <a href=\"\/persoenlich\/mediathek\/tv\/nach-jahren\/2007-2006\">2007-2006<\/a><\/p>\r\n\n<table id=\"tablepress-12\" class=\"tablepress tablepress-id-12\">\n<thead>\n<tr class=\"row-1\">\n\t<th class=\"column-1\">Datum<\/th><th class=\"column-2\">Sender<\/th><th class=\"column-3\">Sendung<\/th><th class=\"column-4\">Thema<\/th>\n<\/tr>\n<\/thead>\n<tbody class=\"row-striping row-hover\">\n<tr class=\"row-2\">\n\t<td class=\"column-1\">17.09.2011<\/td><td class=\"column-2\">ZDF<\/td><td class=\"column-3\">Die \u00c4rzte, Playlist <br \/>\n(alle Folgen vom 14.07. - 17.09.2011)<\/td><td class=\"column-4\"><a href=\"http:\/\/www.youtube.com\/playlist?list=PL5E06E37C94299853&amp;feature=plcp\" target=\"_blank\">Die &Auml;rzte - Alle Folgen von 2011<\/a><\/td>\n<\/tr>\n<tr class=\"row-3\">\n\t<td class=\"column-1\">26.10.2011<\/td><td class=\"column-2\">rbb<\/td><td class=\"column-3\">rbb Praxis - Moderation bis Ende Okt. 2011<\/td><td class=\"column-4\"><a href=\"http:\/\/www.youtube.com\/playlist?list=PL05E18D6DFADA520C\" target=\"_blank\">rbb Praxis - Folgen von 2011<\/a><\/td>\n<\/tr>\n<tr class=\"row-4\">\n\t<td class=\"column-1\">02.08.2011<\/td><td class=\"column-2\">ZDF<\/td><td class=\"column-3\">heute<\/td><td class=\"column-4\">Trinkwasser in \u00f6ffentlichen Geb\u00e4uden oft stark belastet<\/td>\n<\/tr>\n<tr class=\"row-5\">\n\t<td class=\"column-1\">05.07.2011<\/td><td class=\"column-2\">ZDF<\/td><td class=\"column-3\">Markus Lanz<\/td><td class=\"column-4\">Di\u00e4ten<\/td>\n<\/tr>\n<tr class=\"row-6\">\n\t<td class=\"column-1\">30.05.2011<\/td><td class=\"column-2\">SAT 1<\/td><td class=\"column-3\">Planetopia<\/td><td class=\"column-4\"><a href=\"http:\/\/www.planetopia.de\/magazin\/news-details\/datum\/2011\/05\/30\/krank-statt-schlank-die-fuenf-groessten-diaet-fallen.html\" target=\"_blank\">Krank statt schlank - Die f&uuml;nf gr&ouml;&szlig;ten Di&auml;t-Fallen<\/a><\/td>\n<\/tr>\n<tr class=\"row-7\">\n\t<td class=\"column-1\">09.02.2011<\/td><td class=\"column-2\">rbb<\/td><td class=\"column-3\">30 x sch\u00f6nstes Deutsch<\/td><td class=\"column-4\">30 x sch\u00f6nstes Deutsch<\/td>\n<\/tr>\n<tr class=\"row-8\">\n\t<td class=\"column-1\">11.01.2011<\/td><td class=\"column-2\">rbb<\/td><td class=\"column-3\">zibb V.I.P.<\/td><td class=\"column-4\"> Zu Gast bei zibb<\/td>\n<\/tr>\n<tr class=\"row-9\">\n\t<td class=\"column-1\">08.01.2011<\/td><td class=\"column-2\">rbb<\/td><td class=\"column-3\">rbb Praxis<\/td><td class=\"column-4\">Hinter den Kulissen des neuen Gesundheitsmagazins<\/td>\n<\/tr>\n<\/tbody>\n<\/table>\n<!-- #tablepress-12 from cache -->\r\n<\/div>","protected":false},"excerpt":{"rendered":"TV Beitr\u00e4ge 2011 Die Beitr\u00e4ge sind in chronologischer Reihenfolge aufgef\u00fchrt. F\u00fcr eine individuelle \u00dcbersicht, nutzen Sie die Sortierfunktion im Tabellenkopf 2024 I 2023 I 2022 I 2021 I 2020 I 2019 I 2018 I 2017 I 2017 I 2016 I 2015 I 2014 I 2013 I 2012 I 2011 I 2010 I 2009 I 2008&#8230;  <a class=\"excerpt-read-more\" href=\"https:\/\/www.dr-kurscheid.de\/persoenlich\/mediathek\/tv\/nach-jahren\/2011-2\" title=\"Read2011\">Read more &raquo;<\/a>","protected":false},"author":2,"featured_media":0,"parent":1047,"menu_order":36,"comment_status":"closed","ping_status":"closed","template":"page-left-sidebar-child.php","meta":{"_acf_changed":false,"footnotes":""},"categories":[],"tags":[],"class_list":["post-1176","page","type-page","status-publish","hentry"],"translation":{"provider":"WPGlobus","version":"3.0.2","language":"de","enabled_languages":["de","en"],"languages":{"de":{"title":true,"content":true,"excerpt":false},"en":{"title":false,"content":false,"excerpt":false}}},"acf":[],"_links":{"self":[{"href":"https:\/\/www.dr-kurscheid.de\/persoenlich\/wp-json\/wp\/v2\/pages\/1176","targetHints":{"allow":["GET"]}}],"collection":[{"href":"https:\/\/www.dr-kurscheid.de\/persoenlich\/wp-json\/wp\/v2\/pages"}],"about":[{"href":"https:\/\/www.dr-kurscheid.de\/persoenlich\/wp-json\/wp\/v2\/types\/page"}],"author":[{"embeddable":true,"href":"https:\/\/www.dr-kurscheid.de\/persoenlich\/wp-json\/wp\/v2\/users\/2"}],"replies":[{"embeddable":true,"href":"https:\/\/www.dr-kurscheid.de\/persoenlich\/wp-json\/wp\/v2\/comments?post=1176"}],"version-history":[{"count":22,"href":"https:\/\/www.dr-kurscheid.de\/persoenlich\/wp-json\/wp\/v2\/pages\/1176\/revisions"}],"predecessor-version":[{"id":2779,"href":"https:\/\/www.dr-kurscheid.de\/persoenlich\/wp-json\/wp\/v2\/pages\/1176\/revisions\/2779"}],"up":[{"embeddable":true,"href":"https:\/\/www.dr-kurscheid.de\/persoenlich\/wp-json\/wp\/v2\/pages\/1047"}],"wp:attachment":[{"href":"https:\/\/www.dr-kurscheid.de\/persoenlich\/wp-json\/wp\/v2\/media?parent=1176"}],"wp:term":[{"taxonomy":"category","embeddable":true,"href":"https:\/\/www.dr-kurscheid.de\/persoenlich\/wp-json\/wp\/v2\/categories?post=1176"},{"taxonomy":"post_tag","embeddable":true,"href":"https:\/\/www.dr-kurscheid.de\/persoenlich\/wp-json\/wp\/v2\/tags?post=1176"}],"curies":[{"name":"wp","href":"https:\/\/api.w.org\/{rel}","templated":true}]}}