{"id":1218,"date":"2014-06-15T13:46:54","date_gmt":"2014-06-15T11:46:54","guid":{"rendered":"http:\/\/www.dr-kurscheid.de\/persoenlich\/?page_id=1218"},"modified":"2024-01-26T12:36:53","modified_gmt":"2024-01-26T11:36:53","slug":"2007-2006","status":"publish","type":"page","link":"https:\/\/www.dr-kurscheid.de\/persoenlich\/mediathek\/tv\/nach-jahren\/2007-2006","title":{"rendered":"2007-2006"},"content":{"rendered":"<div class=\"columns large-12 medium-12 small-12\">\r\n  <h3>TV Beitr\u00e4ge 2007-2006<\/h3>\r\n<p>Die Beitr\u00e4ge sind in chronologischer Reihenfolge aufgef\u00fchrt. F\u00fcr eine individuelle \u00dcbersicht, nutzen Sie die Sortierfunktion im Tabellenkopf<\/p>\r\n<p><a href=\"\/persoenlich\/mediathek\/tv\/nach-jahren\/2024-2\">2024<\/a> I <a href=\"\/persoenlich\/mediathek\/tv\/nach-jahren\/2023-2\">2023<\/a> I <a href=\"\/persoenlich\/mediathek\/tv\/nach-jahren\/2022-2\">2022<\/a> I <a href=\"\/persoenlich\/mediathek\/tv\/nach-jahren\/2021-2\">2021<\/a> I <a href=\"\/persoenlich\/mediathek\/tv\/nach-jahren\/2020-2\">2020<\/a> I <a href=\"\/persoenlich\/mediathek\/tv\/nach-jahren\/2019-2\">2019<\/a> I <a href=\"\/persoenlich\/mediathek\/tv\/nach-jahren\/2018-2\">2018<\/a> I <a href=\"\/persoenlich\/mediathek\/tv\/nach-jahren\/2017-2\">2017<\/a> I <a href=\"\/persoenlich\/mediathek\/tv\/nach-jahren\/2016-2\">2016<\/a> I <a href=\"\/persoenlich\/mediathek\/tv\/nach-jahren\/2015-2\">2015<\/a> I <a href=\"\/persoenlich\/mediathek\/tv\/nach-jahren\/2014-2\">2014<\/a> I <a href=\"\/persoenlich\/mediathek\/tv\/nach-jahren\/2013-2\">2013<\/a> I <a href=\"\/persoenlich\/mediathek\/tv\/nach-jahren\/2012-2\">2012<\/a> I <a href=\"\/persoenlich\/mediathek\/tv\/nach-jahren\/2011-2\">2011<\/a> I <a href=\"\/persoenlich\/mediathek\/tv\/nach-jahren\/2010-2\">2010<\/a> I <a href=\"\/persoenlich\/mediathek\/tv\/nach-jahren\/2009-2\">2009<\/a> I <a href=\"\/persoenlich\/mediathek\/tv\/nach-jahren\/2008-2\">2008<\/a> I <strong>2007-2006<\/strong><\/p>\r\n\n<table id=\"tablepress-16\" class=\"tablepress tablepress-id-16\">\n<thead>\n<tr class=\"row-1\">\n\t<th class=\"column-1\">Datum<\/th><th class=\"column-2\">Sender<\/th><th class=\"column-3\">Sendung<\/th><th class=\"column-4\">Thema<\/th>\n<\/tr>\n<\/thead>\n<tbody class=\"row-striping row-hover\">\n<tr class=\"row-2\">\n\t<td class=\"column-1\">30.12.2007<\/td><td class=\"column-2\">SWR<\/td><td class=\"column-3\">Durch Dick und D\u00fcnn<\/td><td class=\"column-4\"><\/td>\n<\/tr>\n<tr class=\"row-3\">\n\t<td class=\"column-1\">02.12.2007<\/td><td class=\"column-2\">SAT 1<\/td><td class=\"column-3\">Weck Up<\/td><td class=\"column-4\">Keine Angst vor Winterspeck: Genie\u00dfen \"leicht\" gemacht<\/td>\n<\/tr>\n<tr class=\"row-4\">\n\t<td class=\"column-1\">27.11.2007<\/td><td class=\"column-2\">VOX<\/td><td class=\"column-3\">Wissenshunger<\/td><td class=\"column-4\">Besser Essen<\/td>\n<\/tr>\n<tr class=\"row-5\">\n\t<td class=\"column-1\">09.11.2007<\/td><td class=\"column-2\">RTL<\/td><td class=\"column-3\">Punkt 12<\/td><td class=\"column-4\">Zwillings-Test<\/td>\n<\/tr>\n<tr class=\"row-6\">\n\t<td class=\"column-1\">28.10.2007<\/td><td class=\"column-2\">SAT 1<\/td><td class=\"column-3\">Weck Up<\/td><td class=\"column-4\">Sind gesunde Lebensmittel teurer?<\/td>\n<\/tr>\n<tr class=\"row-7\">\n\t<td class=\"column-1\">22.10.2007<\/td><td class=\"column-2\">WDR<\/td><td class=\"column-3\">Der gro\u00dfe Gesundheitscheck<\/td><td class=\"column-4\">Familie Kirkegaard aus Bornheim<\/td>\n<\/tr>\n<tr class=\"row-8\">\n\t<td class=\"column-1\">15.10.2007<\/td><td class=\"column-2\">WDR<\/td><td class=\"column-3\">Der gro\u00dfe Gesundheitscheck<\/td><td class=\"column-4\">Familie Neubert aus Oelde (2)<\/td>\n<\/tr>\n<tr class=\"row-9\">\n\t<td class=\"column-1\">08.10.2007<\/td><td class=\"column-2\">WDR<\/td><td class=\"column-3\">Der gro\u00dfe Gesundheitscheck<\/td><td class=\"column-4\">Familie Czech aus Gescher<\/td>\n<\/tr>\n<tr class=\"row-10\">\n\t<td class=\"column-1\">02.10.2007<\/td><td class=\"column-2\">SAT 1<\/td><td class=\"column-3\">Akte 07<\/td><td class=\"column-4\">Darf man Spinat aufw\u00e4rmen? Die bekanntesten Ern\u00e4hrungsirrt\u00fcmer<\/td>\n<\/tr>\n<tr class=\"row-11\">\n\t<td class=\"column-1\">01.10.2007<\/td><td class=\"column-2\">WDR<\/td><td class=\"column-3\">Der gro\u00dfe Gesundheitscheck<\/td><td class=\"column-4\">Familie Akg\u00fcl aus Datteln<\/td>\n<\/tr>\n<tr class=\"row-12\">\n\t<td class=\"column-1\">01.10.2007<\/td><td class=\"column-2\">ZDF<\/td><td class=\"column-3\">Volle Kanne<\/td><td class=\"column-4\"><a href=\"http:\/\/www.youtube.com\/watch?v=vjEzwENUpJU&amp;feature=plcp\" target=\"_blank\"> Gesund\u00a0mit Hund<\/a><\/td>\n<\/tr>\n<tr class=\"row-13\">\n\t<td class=\"column-1\">24.09.2007<\/td><td class=\"column-2\">WDR<\/td><td class=\"column-3\">Der gro\u00dfe Gesundheitscheck<\/td><td class=\"column-4\">Familie Hannemann aus L\u00fcbbecke (3)<\/td>\n<\/tr>\n<tr class=\"row-14\">\n\t<td class=\"column-1\">17.09.2007<\/td><td class=\"column-2\">ARD<\/td><td class=\"column-3\">Morgenmagazin<\/td><td class=\"column-4\"><a href=\"http:\/\/www.youtube.com\/watch?v=SpL8a-tZU-M\" target=\"_blank\">Grippeschutzimpfung<\/a><\/td>\n<\/tr>\n<tr class=\"row-15\">\n\t<td class=\"column-1\">10.08.2007<\/td><td class=\"column-2\">ARD<\/td><td class=\"column-3\">Morgenmagazin<\/td><td class=\"column-4\"><a href=\"http:\/\/www.youtube.com\/watch?v=gsO5VF4V7Bs\" target=\"_blank\">Insektenstiche<\/a><\/td>\n<\/tr>\n<tr class=\"row-16\">\n\t<td class=\"column-1\">10.07.2007<\/td><td class=\"column-2\">SAT 1<\/td><td class=\"column-3\">Akte 07<\/td><td class=\"column-4\">Die Gr&ouml;ssten Urlaubsirrt&uuml;mer &ndash; Urlaub bis der Arzt kommt<\/a><\/td>\n<\/tr>\n<tr class=\"row-17\">\n\t<td class=\"column-1\">09.07.2007<\/td><td class=\"column-2\">ARD<\/td><td class=\"column-3\">Morgenmagazin<\/td><td class=\"column-4\"><a href=\"http:\/\/www.youtube.com\/watch?v=QJM1QwtCtvo\" target=\"_blank\">Vorsicht Zecken<\/a><\/td>\n<\/tr>\n<tr class=\"row-18\">\n\t<td class=\"column-1\">18.06.2007<\/td><td class=\"column-2\">WDR<\/td><td class=\"column-3\">Der gro\u00dfe Gesundheitscheck<\/td><td class=\"column-4\">Familie Hannemann aus L\u00fcbbecke (2)<\/td>\n<\/tr>\n<tr class=\"row-19\">\n\t<td class=\"column-1\">11.06.2007<\/td><td class=\"column-2\">WDR<\/td><td class=\"column-3\">Der gro\u00dfe Gesundheitscheck<\/td><td class=\"column-4\">Familie Hannemann aus L\u00fcbbecke (1)<\/td>\n<\/tr>\n<tr class=\"row-20\">\n\t<td class=\"column-1\">04.06.2007<\/td><td class=\"column-2\">WDR<\/td><td class=\"column-3\">Der gro\u00dfe Gesundheitscheck<\/td><td class=\"column-4\">Familie Neubert aus Oelde<\/td>\n<\/tr>\n<tr class=\"row-21\">\n\t<td class=\"column-1\">01.06.2007<\/td><td class=\"column-2\">ARD<\/td><td class=\"column-3\">Morgenmagazin<\/td><td class=\"column-4\"><a href=\"http:\/\/www.youtube.com\/watch?v=GtAKEUPK36g\" target=\"_blank\">Langfristig abnehmen<\/a<\/td>\n<\/tr>\n<tr class=\"row-22\">\n\t<td class=\"column-1\">21.05.2007<\/td><td class=\"column-2\">WDR<\/td><td class=\"column-3\">Der gro\u00dfe Gesundheitscheck<\/td><td class=\"column-4\">Familie Bott aus Bedburg<\/td>\n<\/tr>\n<tr class=\"row-23\">\n\t<td class=\"column-1\">02.03.2007<\/td><td class=\"column-2\">WDR<\/td><td class=\"column-3\">Servicezeit<\/td><td class=\"column-4\"><a href=\"http:\/\/www.youtube.com\/watch?v=-5z0Ef8h9Eo\" target=\"_blank\">Heilfasten (2)<\/a><\/td>\n<\/tr>\n<tr class=\"row-24\">\n\t<td class=\"column-1\">26.02.2007<\/td><td class=\"column-2\">WDR<\/td><td class=\"column-3\">Servicezeit<\/td><td class=\"column-4\"><a href=\"http:\/\/www.youtube.com\/watch?v=lykSG3mLQrk\" target=\"_blank\">Heilfasten (1) <\/a><\/td>\n<\/tr>\n<tr class=\"row-25\">\n\t<td class=\"column-1\">30.01.2007<\/td><td class=\"column-2\">SAT 1<\/td><td class=\"column-3\">Akte 07<\/td><td class=\"column-4\">Die gr\u00f6\u00dften Krankheitsirrt\u00fcmer<\/td>\n<\/tr>\n<tr class=\"row-26\">\n\t<td class=\"column-1\">11.06.2006<\/td><td class=\"column-2\">VOX<\/td><td class=\"column-3\">Fit for Fun TV<\/td><td class=\"column-4\">Aysun und Berna :: Teil IV<\/td>\n<\/tr>\n<tr class=\"row-27\">\n\t<td class=\"column-1\">04.06.2006<\/td><td class=\"column-2\">VOX<\/td><td class=\"column-3\">Fit for Fun TV<\/td><td class=\"column-4\">Lela, Christo und Dimi :: Teil III<\/td>\n<\/tr>\n<tr class=\"row-28\">\n\t<td class=\"column-1\">28.05.2006<\/td><td class=\"column-2\">VOX<\/td><td class=\"column-3\">Fit for Fun TV<\/td><td class=\"column-4\">Ute und Gloria :: Teil II<\/td>\n<\/tr>\n<tr class=\"row-29\">\n\t<td class=\"column-1\">21.05.2006<\/td><td class=\"column-2\">VOX<\/td><td class=\"column-3\">Fit for Fun TV<\/td><td class=\"column-4\">Nadine und Miriam :: Teil I<\/td>\n<\/tr>\n<\/tbody>\n<\/table>\n<!-- #tablepress-16 from cache -->\r\n<\/div>","protected":false},"excerpt":{"rendered":"TV Beitr\u00e4ge 2007-2006 Die Beitr\u00e4ge sind in chronologischer Reihenfolge aufgef\u00fchrt. F\u00fcr eine individuelle \u00dcbersicht, nutzen Sie die Sortierfunktion im Tabellenkopf 2024 I 2023 I 2022 I 2021 I 2020 I 2019 I 2018 I 2017 I 2016 I 2015 I 2014 I 2013 I 2012 I 2011 I 2010 I 2009 I 2008 I 2007-2006","protected":false},"author":2,"featured_media":0,"parent":1047,"menu_order":43,"comment_status":"closed","ping_status":"closed","template":"page-left-sidebar-child.php","meta":{"_acf_changed":false,"footnotes":""},"categories":[],"tags":[],"class_list":["post-1218","page","type-page","status-publish","hentry"],"translation":{"provider":"WPGlobus","version":"3.0.2","language":"de","enabled_languages":["de","en"],"languages":{"de":{"title":true,"content":true,"excerpt":false},"en":{"title":false,"content":false,"excerpt":false}}},"acf":[],"_links":{"self":[{"href":"https:\/\/www.dr-kurscheid.de\/persoenlich\/wp-json\/wp\/v2\/pages\/1218","targetHints":{"allow":["GET"]}}],"collection":[{"href":"https:\/\/www.dr-kurscheid.de\/persoenlich\/wp-json\/wp\/v2\/pages"}],"about":[{"href":"https:\/\/www.dr-kurscheid.de\/persoenlich\/wp-json\/wp\/v2\/types\/page"}],"author":[{"embeddable":true,"href":"https:\/\/www.dr-kurscheid.de\/persoenlich\/wp-json\/wp\/v2\/users\/2"}],"replies":[{"embeddable":true,"href":"https:\/\/www.dr-kurscheid.de\/persoenlich\/wp-json\/wp\/v2\/comments?post=1218"}],"version-history":[{"count":19,"href":"https:\/\/www.dr-kurscheid.de\/persoenlich\/wp-json\/wp\/v2\/pages\/1218\/revisions"}],"predecessor-version":[{"id":2787,"href":"https:\/\/www.dr-kurscheid.de\/persoenlich\/wp-json\/wp\/v2\/pages\/1218\/revisions\/2787"}],"up":[{"embeddable":true,"href":"https:\/\/www.dr-kurscheid.de\/persoenlich\/wp-json\/wp\/v2\/pages\/1047"}],"wp:attachment":[{"href":"https:\/\/www.dr-kurscheid.de\/persoenlich\/wp-json\/wp\/v2\/media?parent=1218"}],"wp:term":[{"taxonomy":"category","embeddable":true,"href":"https:\/\/www.dr-kurscheid.de\/persoenlich\/wp-json\/wp\/v2\/categories?post=1218"},{"taxonomy":"post_tag","embeddable":true,"href":"https:\/\/www.dr-kurscheid.de\/persoenlich\/wp-json\/wp\/v2\/tags?post=1218"}],"curies":[{"name":"wp","href":"https:\/\/api.w.org\/{rel}","templated":true}]}}