{"id":875,"date":"2014-06-10T15:25:11","date_gmt":"2014-06-10T13:25:11","guid":{"rendered":"http:\/\/www.dr-kurscheid.de\/persoenlich\/?page_id=875"},"modified":"2017-07-18T17:19:12","modified_gmt":"2017-07-18T15:19:12","slug":"dr-kurscheids-grosser-gesundheitscheck","status":"publish","type":"page","link":"https:\/\/www.dr-kurscheid.de\/persoenlich\/buecher\/dr-kurscheids-grosser-gesundheitscheck","title":{"rendered":"Dr. Kurscheid&#8217;s gro\u00dfer Gesundheitscheck"},"content":{"rendered":"<div class=\"columns large-12 medium-12 small-12\">\r\n  <h3>Start in ein neues Leben<\/h3>\r\n<\/div>\r\n<div class=\"columns large-6 medium-6 small-12\">\r\n  <ul class=\"ernaehrung\">\r\n    <li>Paperback, Broschiert, 144 Seiten<\/li>\r\n      <li>ISBN-13: 978-3802517860<\/li>\r\n      <li>Verlag: VGS; Auflage: 1., Aufl. (15. Oktober 2008)<\/li>\r\n  <\/ul>\r\n     <p>Wie alt bin ich wirklich? Diese Frage stellt sich fr\u00fcher oder sp\u00e4ter jeder, denn das biologische Alter und das tats\u00e4chliche Alter k\u00f6nnen weit auseinanderklaffen. Doch wie l\u00e4sst sich eine vorzeitige Alterung vermeiden? Die gute Nachricht: Wir haben unsere Gesundheit und unser biologisches Alter zu einem gro\u00dfen Teil selbst in der Hand! Aus diesem Grund ist es so wichtig, \u00dcbergewicht, die Ursache vieler Zivilisationskrankheiten, zu vermeiden bzw. abzunehmen. Der aus den Medien bekannte Arzt Dr. Thomas Kurscheid erl\u00e4utert die \u00e4rztlichen Check-up-Untersuchungen und hilft dem Leser, sein biologisches Alter selbst zu bestimmen. Er zeigt, wie man durch eine ausgewogene und genussvolle Lebensweise ohne Di\u00e4ten abnehmen und seine Lebenserwartung erheblich steigern kann.\r\n\r\n<p><h2 style=\"margin-bottom:5px\">Erh\u00e4ltlich \u00fcber unsere Praxis oder direkt bei:&nbsp; <a href=\"\/\/www.amazon.de\/gp\/product\/3802517865?ie=UTF8&amp;tag=drthomkurs-21&amp;linkCode=as2&amp;camp=1638&amp;creative=6742&amp;creativeASIN=3802517865\" rel=\"nofollow\" target=\"_blank\"> <img decoding=\"async\" alt=\"AMAZON\" src=\"\/\/www.dr-kurscheid.de\/persoenlich\/wp-content\/uploads\/2016\/01\/Amazon.png\" width=\"65\" style=\"border: none;\" title=\"AMAZON\"\/><\/a><\/h2><\/a>\r\n     <\/p>\r\n\r\n<\/div>\r\n\r\n<div class=\"columns large-6 medium-6 small-12 column-offset\"><img decoding=\"async\" src=\"\/persoenlich\/wp-content\/uploads\/2014\/06\/buch_gesundheitscheck.jpg\" alt=\"  Dr. Kurscheid's gro\u00dfer Gesundheitscheck\" class=\"alignnone size-full wp-image-607 border\">\r\n<\/div>","protected":false},"excerpt":{"rendered":"Start in ein neues Leben Paperback, Broschiert, 144 Seiten ISBN-13: 978-3802517860 Verlag: VGS; Auflage: 1., Aufl. (15. Oktober 2008) Wie alt bin ich wirklich? Diese Frage stellt sich fr\u00fcher oder sp\u00e4ter jeder, denn das biologische Alter und das tats\u00e4chliche Alter k\u00f6nnen weit auseinanderklaffen. Doch wie l\u00e4sst sich eine vorzeitige Alterung vermeiden? Die gute Nachricht: Wir&#8230;  <a class=\"excerpt-read-more\" href=\"https:\/\/www.dr-kurscheid.de\/persoenlich\/buecher\/dr-kurscheids-grosser-gesundheitscheck\" title=\"ReadDr. Kurscheid&#8217;s gro\u00dfer Gesundheitscheck\">Read more &raquo;<\/a>","protected":false},"author":2,"featured_media":0,"parent":724,"menu_order":24,"comment_status":"closed","ping_status":"closed","template":"page-left-sidebar.php","meta":{"_acf_changed":false,"footnotes":""},"categories":[],"tags":[],"class_list":["post-875","page","type-page","status-publish","hentry"],"translation":{"provider":"WPGlobus","version":"3.0.2","language":"de","enabled_languages":["de","en"],"languages":{"de":{"title":true,"content":true,"excerpt":false},"en":{"title":false,"content":false,"excerpt":false}}},"acf":[],"_links":{"self":[{"href":"https:\/\/www.dr-kurscheid.de\/persoenlich\/wp-json\/wp\/v2\/pages\/875","targetHints":{"allow":["GET"]}}],"collection":[{"href":"https:\/\/www.dr-kurscheid.de\/persoenlich\/wp-json\/wp\/v2\/pages"}],"about":[{"href":"https:\/\/www.dr-kurscheid.de\/persoenlich\/wp-json\/wp\/v2\/types\/page"}],"author":[{"embeddable":true,"href":"https:\/\/www.dr-kurscheid.de\/persoenlich\/wp-json\/wp\/v2\/users\/2"}],"replies":[{"embeddable":true,"href":"https:\/\/www.dr-kurscheid.de\/persoenlich\/wp-json\/wp\/v2\/comments?post=875"}],"version-history":[{"count":14,"href":"https:\/\/www.dr-kurscheid.de\/persoenlich\/wp-json\/wp\/v2\/pages\/875\/revisions"}],"predecessor-version":[{"id":1849,"href":"https:\/\/www.dr-kurscheid.de\/persoenlich\/wp-json\/wp\/v2\/pages\/875\/revisions\/1849"}],"up":[{"embeddable":true,"href":"https:\/\/www.dr-kurscheid.de\/persoenlich\/wp-json\/wp\/v2\/pages\/724"}],"wp:attachment":[{"href":"https:\/\/www.dr-kurscheid.de\/persoenlich\/wp-json\/wp\/v2\/media?parent=875"}],"wp:term":[{"taxonomy":"category","embeddable":true,"href":"https:\/\/www.dr-kurscheid.de\/persoenlich\/wp-json\/wp\/v2\/categories?post=875"},{"taxonomy":"post_tag","embeddable":true,"href":"https:\/\/www.dr-kurscheid.de\/persoenlich\/wp-json\/wp\/v2\/tags?post=875"}],"curies":[{"name":"wp","href":"https:\/\/api.w.org\/{rel}","templated":true}]}}